ndred thousands digit of 54568945?
5
What is the thousands digit of 122514237?
4
What is the hundred thousands digit of 2442855?
4
What is the hundred thousands digit of 32467156?
4
What is the thousands digit of 36556313?
6
What is the thousands digit of 186522311?
2
What is the hundred thousands digit of 8274142?
2
What is the millions digit of 2834931921?
4
What is the hundred thousands digit of 12788932?
7
What is the ten millions digit of 301562594?
0
What is the units digit of 681275862?
2
What is the millions digit of 207384722?
7
What is the ten millions digit of 973936158?
7
What is the thousands digit of 3816384171?
4
What is the hundred thousands digit of 32796593?
7
What is the hundreds digit of 2742811995?
9
What is the hundred thousands digit of 2374214758?
2
What is the ten millions digit of 47811584?
4
What is the units digit of 55539954?
4
What is the thousands digit of 450721810?
1
What is the ten millions digit of 648084588?
4
What is the tens digit of 94166758?
5
What is the ten millions digit of 289748766?
8
What is the thousands digit of 118821865?
1
What is the thousands digit of 33419848?
9
What is the ten millions digit of 966899713?
6
What is the tens digit of 1704349433?
3
What is the millions digit of 235739620?
5
What is the ten millions digit of 11803597?
1
What is the hundreds digit of 3315127780?
7
What is the millions digit of 3938037846?
8
What is the hundred thousands digit of 12607929?
6
What is the units digit of 12616176?
6
What is the tens digit of 23529259?
5
What is the hundred millions digit of 3588154444?
5
What is the ten thousands digit of 97439771?
3
What is the hundred thousands digit of 293935322?
9
What is the hundred millions digit of 2980993203?
9
What is the units digit of 616858296?
6
What is the hundred millions digit of 3038315764?
0
What is the thousands digit of 3217147245?
7
What is the ten millions digit of 151308404?
5
What is the tens digit of 1397016146?
4
What is the tens digit of 38319844?
4
What is the hundreds digit of 2583967052?
0
What is the hundred millions digit of 636272591?
6
What is the ten millions digit of 838599612?
3
What is the ten millions digit of 328329870?
2
What is the ten thousands digit of 2595405623?
0
What is the hundreds digit of 941461200?
2
What is the thousands digit of 422524542?
4
What is the hundreds digit of 122458455?
4
What is the millions digit of 148885867?
8
What is the thousands digit of 72849293?
9
What is the ten millions digit of 10163024?
1
What is the hundreds digit of 7928935820?
8
What is the tens digit of 154979494?
9
What is the hundred thousands digit of 1274866467?
8
What is the millions digit of 731067466?
1
What is the ten thousands digit of 637748229?
4
What is the units digit of 306338941?
1
What is the ten thousands digit of 804391757?
9
What is the hundred thousands digit of 142384241?
3
What is the hundred millions digit of 237724063?
2
What is the ten millions digit of 97190537?
9
What is the ten millions digit of 1131365600?
3
What is the hundred thousands digit of 933263128?
2
What is the hundred thousands digit of 68785571?
7
What is the tens digit of 4093657911?
1
What is the tens digit of 651645276?
7
What is the hundreds digit of 131253779?
7
What is the thousands digit of 595151390?
1
What is the ten millions digit of 77411374?
7
What is the hundred millions digit of 317853484?
3
What is the tens digit of 52853096?
9
What is the tens digit of 336176313?
1
What is the thousands digit of 136737224?
7
What is the thousands digit of 262756981?
6
What is the millions digit of 6174472?
6
What is the units digit of 432911912?
2
What is the tens digit of 53226480?
8
What is the thousands digit of 337813362?
3
What is the ten thousands digit of 56406669?
0
What is the hundred thousands digit of 76281215?
2
What is the billions digit of 4911953678?
4
What is the tens digit of 430230467?
6
What is the ten thousands digit of 105499520?
9
What is the hundreds digit of 90156773?
7
What is the units digit of 719438622?
2
What is the hundred thousands digit of 1252040314?
0
What is the thousands digit of 4750895723?
5
What is the hundred millions digit of 3526143988?
5
What is the hundred thousands digit of 643635330?
6
What is the thousands digit of 5637092416?
2
What is the hundreds digit of 47120776?
7
What is the ten millions digit of 22465636?
2
What is the tens digit of 152419668?
6
What is the tens digit of 76558003?
0
What is the ten millions digit of 64049342?
6
What is the ten thousands digit of 3190919929?
1
What is the hundred thousands digit of 398006427?
0
What is the thousands digit of 21761376?
1
What is the ten millions digit of 703884088?
0
What is the ten thousands digit of 191848919?
4
What is the hundred millions digit of 365060086?
3
What is the tens digit of 50843996?
9
What is the hundreds digit of 138961293?
2
What is the hundreds digit of 6780685551?
5
What is the millions digit of 54255531?
4
What is the thousands digit of 9360823?
0
What is the millions digit of 127831799?
7
What is the millions digit of 1733610271?
3
What is the hundred millions digit of 8803293756?
8
What is the ten millions digit of 64316400?
6
What is the ten millions digit of 84818746?
8
What is the thousands digit of 4277158296?
8
What is the thousands digit of 20350454?
0
What is the tens digit of 2445745045?
4
What is the hundred millions digit of 746561888?
7
What is the hundreds digit of 73166821?
8
What is the units digit of 7009361547?
7
What is the hundred millions digit of 131895177?
1
What is the hundreds digit of 118490079?
0
What is the hundred millions digit of 209355770?
2
What is the hundreds digit of 2451762883?
8
What is the hundred millions digit of 217763525?
2
What is the ten thousands digit of 90523518?
2
What is the hundreds digit of 168163615?
6
What is the hundred thousands digit of 35054634?
0
What is the ten thousands digit of 1417198572?
9
What is the ten millions digit of 1397126324?
9
What is the units digit of 65996518?
8
What is the hundred thousands digit of 58770857?
7
What is the millions digit of 103160995?
3
What is the hundred millions digit of 290753655?
2
What is the ten millions digit of 558958844?
5
What is the hundred millions digit of 1434663352?
4
What is the ten millions digit of 254460996?
5
What is the tens digit of 4001213694?
9
What is the tens digit of 4069649?
4
What is the hundred thousands digit of 59327491?
3
What is the millions digit of 1731797028?
1
What is the units digit of 17235764?
4
What is the ten millions digit of 646485645?
4
What is the units digit of 42586354?
4
What is the tens digit of 113403718?
1
What is the thousands digit of 260447872?
7
What is the hundreds digit of 93305512?
5
What is the ten thousands digit of 62788217?
8
What is the ten thousands digit of 3632220861?
2
What is the thousands digit of 59209628?
9
What is the ten thousands digit of 109145767?
4
What is the units digit of 471518934?
4
What is the hundred thousands digit of 3541838453?
8
What is the tens digit of 2675778814?
1
What is the hundreds digit of 7539954385?
3
What is the hundred thousands digit of 45572134?
5
What is the hundreds digit of 113438270?
2
What is the hundreds digit of 943158869?
8
What is the millions digit of 416592635?
6
What is the thousands digit of 950400705?
0
What is the hundred thousands digit of 41800691?
8
What is the hundreds digit of 268772120?
1
What is the ten millions digit of 34411464?
3
What is the millions digit of 7906822?
7
What is the units digit of 133095016?
6
What is the units digit of 55331093?
3
What is the units digit of 49997498?
8
What is the ten thousands digit of 151742055?
4
What is the thousands digit of 360736162?
6
What is the units digit of 2677058322?
2
What is the thousands digit of 1563494044?
4
What is the hundred thousands digit of 649917026?
9
What is the hundred millions digit of 335625774?
3
What is the ten thousands digit of 8471194065?
9
What is the hundreds digit of 37183742?
7
What is the ten millions digit of 98082521?
9
What is the thousands digit of 12240594?
0
What is the thousands digit of 1012990874?
0
What is the millions digit of 800891850?
0
What is the hundred millions digit of 983031129?
9
What is the units dig